{"id":2399,"date":"2024-04-20T22:56:13","date_gmt":"2024-04-20T22:56:13","guid":{"rendered":"http:\/\/jugoscanary.co\/?page_id=2399"},"modified":"2024-04-20T22:59:18","modified_gmt":"2024-04-20T22:59:18","slug":"pulpas-pasteurizadas","status":"publish","type":"page","link":"https:\/\/jugoscanary.co\/index.php\/pulpas-pasteurizadas\/","title":{"rendered":"Pulpas Pasteurizadas"},"content":{"rendered":"<!--themify_builder_content-->\n<div id=\"themify_builder_content-2399\" data-postid=\"2399\" class=\"themify_builder_content themify_builder_content-2399 themify_builder tf_clear\">\n    \t\t\t\t<div  data-lazy=\"1\" class=\"module_row themify_builder_row tb_iydh831 tb_first tf_w\">\n\t\t\t\t\t\t<div class=\"row_inner col_align_top tb_col_count_2 tf_box tf_rel\">\n\t\t\t\t\t\t<div  data-lazy=\"1\" class=\"module_column tb-column col4-2 tb_us1n831 first\">\n\t\t\t\t\t<!-- module text -->\n<div  class=\"module module-text tb_213i182   \" data-lazy=\"1\">\n\t    <div  class=\"tb_text_wrap\">\n\t\t<h3><strong>Pulpas Pasteurizadas<\/strong><\/h3>    <\/div>\n<\/div>\n<!-- \/module text --><!-- module image -->\n<div  class=\"module module-image tb_ypz8182 image-center rounded drop-shadow bordered  tf_mw\" data-lazy=\"1\" data-lax-translate-y=\"(vh*1) 0,(vh*0) -70\" data-lax=\"true\">\n        <div class=\"image-wrap tf_rel tf_mw\">\n\t\t    <img loading=\"lazy\" decoding=\"async\" src=\"http:\/\/jugoscanary.co\/wp-content\/uploads\/2024\/04\/PULPAS-PASTEURIZADAS-SIN-REFRIGERACION.jpeg\" width=\"498\" height=\"477\" title=\"Pulpas Pasteurizadas\" alt=\"Pulpas Pasteurizadas\">\t\n\t\t<\/div>\n\t<!-- \/image-wrap -->\n    \n    \t<\/div>\n<!-- \/module image --><!-- module plain text -->\n<div  class=\"module module-plain-text tb_1x6k85 \" data-lazy=\"1\">\n        <div class=\"tb_text_wrap\">\n\t<div style=\"text-align: center;\"><a href=\"https:\/\/wa.me\/573118352793?text=M\u00e1s%20informaci\u00f3n%20de%20los%20Pulpas pasteurizadas\" target=\"_blank\" rel=\"noopener\"><img decoding=\"async\" src=\"http:\/\/jugoscanary.co\/wp-content\/uploads\/2024\/04\/WhatsAppButtonGreenMedium.png\" \/><\/a>\n<\/div>    <\/div>\n<\/div>\n<!-- \/module plain text -->\t\t<\/div>\n\t\t\t\t\t<div  data-lazy=\"1\" class=\"module_column tb-column col4-2 tb_icn928 last\">\n\t\t\t\t\t<!-- module text -->\n<div  class=\"module module-text tb_vhfc183   \" data-lazy=\"1\">\n\t    <div  class=\"tb_text_wrap\">\n\t\t<h4>Caracter\u00edsticas<\/h4>\n<ul>\n<li>\n<p><strong>Elaboraci\u00f3n de Calidad:<\/strong> Utilizamos \u00fanicamente jugo, pulpa y concentrados de frutas de la m\u00e1s alta calidad en la elaboraci\u00f3n de nuestras pulpitas, asegurando un sabor aut\u00e9ntico y fresco en cada porci\u00f3n.<\/p>\n<\/li>\n<li>\n<p><strong>Proceso de Pasteurizaci\u00f3n:<\/strong> Gracias a nuestro cuidadoso proceso de pasteurizaci\u00f3n, nuestras pulpitas conservan su frescura y propiedades naturales durante m\u00e1s tiempo, sin necesidad de refrigeraci\u00f3n, lo que las hace perfectas para cualquier situaci\u00f3n.<\/p>\n<\/li>\n<li>\n<p><strong>Versatilidad de Uso:<\/strong> Ya sea para preparar batidos, smoothies, postres o simplemente para disfrutarlas directamente del envase, nuestras Pulpas Pasteurizadas son la opci\u00f3n ideal para a\u00f1adir un toque delicioso y nutritivo a tus platos favoritos.<\/p>\n<\/li>\n<\/ul>    <\/div>\n<\/div>\n<!-- \/module text -->\t\t<\/div>\n\t\t\t\t\t\t<\/div>\n\t\t<\/div>\n\t\t<\/div>\n<!--\/themify_builder_content-->","protected":false},"excerpt":{"rendered":"<p>Pulpas Pasteurizadas<\/p>\n","protected":false},"author":1,"featured_media":0,"parent":0,"menu_order":0,"comment_status":"closed","ping_status":"closed","template":"","meta":{"footnotes":""},"aioseo_notices":[],"builder_content":"<h3><strong>Pulpas Pasteurizadas<\/strong><\/h3>\n<img src=\"http:\/\/jugoscanary.co\/wp-content\/uploads\/2024\/04\/PULPAS-PASTEURIZADAS-SIN-REFRIGERACION.jpeg\" width=\"498\" height=\"477\" title=\"Pulpas Pasteurizadas\" alt=\"Pulpas Pasteurizadas\">\n<a href=\"https:\/\/wa.me\/573118352793?text=M\u00e1s%20informaci\u00f3n%20de%20los%20Pulpas pasteurizadas\" target=\"_blank\" rel=\"noopener\"><img decoding=\"async\" src=\"http:\/\/jugoscanary.co\/wp-content\/uploads\/2024\/04\/WhatsAppButtonGreenMedium.png\" \/><\/a>\n<h4>Caracter\u00edsticas<\/h4> <ul> <li> <p><strong>Elaboraci\u00f3n de Calidad:<\/strong> Utilizamos \u00fanicamente jugo, pulpa y concentrados de frutas de la m\u00e1s alta calidad en la elaboraci\u00f3n de nuestras pulpitas, asegurando un sabor aut\u00e9ntico y fresco en cada porci\u00f3n.<\/p> <\/li> <li> <p><strong>Proceso de Pasteurizaci\u00f3n:<\/strong> Gracias a nuestro cuidadoso proceso de pasteurizaci\u00f3n, nuestras pulpitas conservan su frescura y propiedades naturales durante m\u00e1s tiempo, sin necesidad de refrigeraci\u00f3n, lo que las hace perfectas para cualquier situaci\u00f3n.<\/p> <\/li> <li> <p><strong>Versatilidad de Uso:<\/strong> Ya sea para preparar batidos, smoothies, postres o simplemente para disfrutarlas directamente del envase, nuestras Pulpas Pasteurizadas son la opci\u00f3n ideal para a\u00f1adir un toque delicioso y nutritivo a tus platos favoritos.<\/p> <\/li> <\/ul>","_links":{"self":[{"href":"https:\/\/jugoscanary.co\/index.php\/wp-json\/wp\/v2\/pages\/2399"}],"collection":[{"href":"https:\/\/jugoscanary.co\/index.php\/wp-json\/wp\/v2\/pages"}],"about":[{"href":"https:\/\/jugoscanary.co\/index.php\/wp-json\/wp\/v2\/types\/page"}],"author":[{"embeddable":true,"href":"https:\/\/jugoscanary.co\/index.php\/wp-json\/wp\/v2\/users\/1"}],"replies":[{"embeddable":true,"href":"https:\/\/jugoscanary.co\/index.php\/wp-json\/wp\/v2\/comments?post=2399"}],"version-history":[{"count":15,"href":"https:\/\/jugoscanary.co\/index.php\/wp-json\/wp\/v2\/pages\/2399\/revisions"}],"predecessor-version":[{"id":2416,"href":"https:\/\/jugoscanary.co\/index.php\/wp-json\/wp\/v2\/pages\/2399\/revisions\/2416"}],"wp:attachment":[{"href":"https:\/\/jugoscanary.co\/index.php\/wp-json\/wp\/v2\/media?parent=2399"}],"curies":[{"name":"wp","href":"https:\/\/api.w.org\/{rel}","templated":true}]}}